
Calculate the remainder when 1823273 is divided by 59.
55
Calculate the remainder when 34217 is divided by 246.
23
What is the remainder when 8661489 is divided by 2814?
2811
Calculate the remainder when 14111710 is divided by 183268.
74
Calculate the remainder when 45397 is divided by 307.
268
What is the remainder when 373431512 is divided by 154?
146
What is the remainder when 2870271 is divided by 220789?
14
What is the remainder when 3699944 is divided by 1410?
104
What is the remainder when 6067085 is divided by 31932?
5
Calculate the remainder when 138394 is divided by 45850.
844
Calculate the remainder when 217480125 is divided by 3904.
3901
What is the remainder when 3492530 is divided by 7?
6
Calculate the remainder when 46179 is divided by 3074.
69
What is the remainder when 393966 is divided by 3535?
1581
What is the remainder when 90266314 is divided by 1053?
1048
Calculate the remainder when 14863508 is divided by 243664.
4
What is the remainder when 69166 is divided by 2114?
1518
Calculate the remainder when 227543 is divided by 1175.
768
Calculate the remainder when 331613803 is divided by 149.
148
What is the remainder when 141758445 is divided by 26?
23
What is the remainder when 40305 is divided by 6706?
69
Calculate the remainder when 33280422 is divided by 33.
21
What is the remainder when 11118059 is divided by 2242?
2223
Calculate the remainder when 104665 is divided by 26095.
285
What is the remainder when 803748 is divided by 803746?
2
What is the remainder when 193945 is divided by 193424?
521
Calculate the remainder when 3233584 is divided by 1077837.
73
What is the remainder when 51390 is divided by 8538?
162
Calculate the remainder when 19407769 is divided by 79.
76
What is the remainder when 34368 is divided by 28?
12
What is the remainder when 485305 is divided by 7040?
6585
What is the remainder when 743774 is divided by 107?
17
Calculate the remainder when 723249 is divided by 152.
33
What is the remainder when 1475034 is divided by 2175?
384
What is the remainder when 315723 is divided by 18571?
16
What is the remainder when 439043 is divided by 1520?
1283
What is the remainder when 100771 is divided by 1275?
46
Calculate the remainder when 97818 is divided by 24360.
378
What is the remainder when 29112882 is divided by 264?
18
Calculate the remainder when 11632172 is divided by 133.
125
What is the remainder when 1517693 is divided by 26?
21
What is the remainder when 242876 is divided by 210?
116
What is the remainder when 160470 is divided by 158649?
1821
What is the remainder when 31695 is divided by 1500?
195
Calculate the remainder when 309561644 is divided by 131.
129
What is the remainder when 178344 is divided by 482?
4
Calculate the remainder when 6685839 is divided by 145344.
15
What is the remainder when 598427 is divided by 2536?
2467
Calculate the remainder when 2033089 is divided by 212.
9
Calculate the remainder when 1888425 is divided by 77.
0
Calculate the remainder when 6640703 is divided by 5.
3
Calculate the remainder when 3794163 is divided by 25.
13
Calculate the remainder when 17114 is divided by 484.
174
What is the remainder when 1771064 is divided by 20357?
5
What is the remainder when 297046 is divided by 1879?
164
What is the remainder when 10044269 is divided by 401?
21
Calculate the remainder when 37428043 is divided by 1512.
1507
What is the remainder when 110781 is divided by 42?
27
What is the remainder when 184585 is divided by 3767?
2
Calculate the remainder when 70789656 is divided by 17697410.
16
Calculate the remainder when 1233832 is divided by 3418.
3352
What is the remainder when 10047 is divided by 2557?
2376
Calculate the remainder when 9889 is divided by 3292.
13
What is the remainder when 684190 is divided by 140?
10
What is the remainder when 175487736 is divided by 21?
18
Calculate the remainder when 249670 is divided by 79788.
10306
Calculate the remainder when 1997605 is divided by 329.
246
Calculate the remainder when 62021 is divided by 4169.
3655
Calculate the remainder when 8358037 is divided by 397.
393
What is the remainder when 2900603 is divided by 588?
587
Calculate the remainder when 52644 is divided by 10495.
169
Calculate the remainder when 15732313 is divided by 12.
1
Calculate the remainder when 7554717 is divided by 44.
5
What is the remainder when 23060863 is divided by 15?
13
What is the remainder when 63705 is divided by 787?
745
What is the remainder when 13163435 is divided by 648?
611
Calculate the remainder when 416576 is divided by 5629.
30
What is the remainder when 21625050 is divided by 4605?
4575
What is the remainder when 2243289 is divided by 1121457?
375
Calculate the remainder when 1505221 is divided by 219.
34
Calculate the remainder when 70926 is divided by 488.
166
Calculate the remainder when 249854326 is divided by 3804.
3802
Calculate the remainder when 4989700 is divided by 6397.
40
What is the remainder when 534044 is divided by 133489?
88
Calculate the remainder when 1180463 is divided by 1180336.
127
Calculate the remainder when 3344665 is divided by 32.
25
What is the remainder when 19290146 is divided by 1855?
1
What is the remainder when 297936976 is divided by 20?
16
What is the remainder when 95276 is divided by 58?
40
What is the remainder when 31138193 is divided by 62?
57
Calculate the remainder when 201657 is divided by 167.
88
What is the remainder when 4319222 is divided by 182?
180
What is the remainder when 1720806 is divided by 1195?
6
Calculate the remainder when 17018 is divided by 203.
169
Calculate the remainder when 1195675 is divided by 100.
75
What is the remainder when 67741234 is divided by 5445?
5434
Calculate the remainder when 275825 is divided by 2189.
11
What is the remainder when 173227 is divided by 86603?
21
What is the remainder when 4479003 is divided by 2595?
33
Calculate the remainder when 17246129 is divided by 96.
17
What is the remainder when 6155202 is divided by 47?
35
Calculate the remainder when 4691816 is divided by 32.
8
What is the remainder when 11409 is divided by 5181?
1047
What is the remainder when 36088776 is divided by 18044381?
14
Calculate the remainder when 297046 is divided by 4074.
3718
Calculate the remainder when 84283 is divided by 4100.
2283
Calculate the remainder when 15935856 is divided by 3983887.
308
What is the remainder when 9264 is divided by 2627?
1383
Calculate the remainder when 3062669 is divided by 79.
76
What is the remainder when 1696897 is divided by 452?
89
What is the remainder when 581743795 is divided by 15?
10
Calculate the remainder when 138652 is divided by 1040.
332
Calculate the remainder when 149190 is divided by 2442.
228
Calculate the remainder when 34658304 is divided by 1262.
1260
What is the remainder when 22692472 is divided by 739?
738
Calculate the remainder when 200772 is divided by 7168.
68
Calculate the remainder when 641975 is divided by 90.
5
Calculate the remainder when 22556030 is divided by 7518667.
29
Calculate the remainder when 3020560 is divided by 3838.
54
What is the remainder when 4950114 is divided by 64?
34
What is the remainder when 2734283 is divided by 2271?
2270
What is the remainder when 538424 is divided by 76864?
376
What is the remainder when 168246 is divided by 84103?
40
Calculate the remainder when 10209419 is divided by 2041805.
394
What is the remainder when 672316 is divided by 334?
308
What is the remainder when 46995422 is divided by 27?
5
Calculate the remainder when 5721937 is divided by 190731.
7
What is the remainder when 139163 is divided by 139138?
25
What is the remainder when 724195 is divided by 60346?
43
What is the remainder when 17126 is divided by 3986?
1182
What is the remainder when 554206 is divided by 6520?
6
Calculate the remainder when 96951 is divided by 48324.
303
What is the remainder when 5576205 is divided by 211?
108
What is the remainder when 4200159 is divided by 4200089?
70
Calculate the remainder when 6317672 is divided by 21129.
101
Calculate the remainder when 1508758769 is divided by 5.
4
Calculate the remainder when 443750 is divided by 147913.
11
What is the remainder when 1054239 is divided by 6494?
2211
What is the remainder when 222330963 is divided by 